
What is the greatest common factor of 51620 and 2030?
290
Calculate the highest common divisor of 1855 and 830669.
371
What is the highest common divisor of 195 and 360490?
65
What is the greatest common factor of 1033695 and 155?
155
What is the greatest common factor of 2277 and 1773?
9
What is the highest common factor of 1920 and 258432?
384
Calculate the greatest common divisor of 18 and 622287.
9
Calculate the highest common factor of 16951 and 286.
11
Calculate the highest common divisor of 20713 and 231.
77
Calculate the greatest common factor of 43090 and 20.
10
Calculate the greatest common divisor of 486716 and 813.
271
Calculate the greatest common factor of 6 and 98751.
3
Calculate the highest common factor of 220 and 68360.
20
What is the greatest common factor of 203 and 55245?
29
Calculate the highest common factor of 82025 and 19975.
425
Calculate the highest common divisor of 35949 and 2553.
69
Calculate the greatest common factor of 3649 and 1157.
89
What is the greatest common factor of 214 and 378031?
107
What is the greatest common divisor of 16902 and 108?
54
What is the highest common factor of 1674 and 24738?
186
What is the highest common factor of 994 and 1386630?
994
What is the greatest common divisor of 3395 and 12125?
485
Calculate the highest common divisor of 3660 and 11113590.
1830
What is the greatest common factor of 258797 and 22?
11
What is the greatest common divisor of 7470 and 670?
10
What is the highest common factor of 110 and 171050?
110
Calculate the greatest common divisor of 6237 and 539.
77
What is the highest common factor of 6965 and 1580060?
995
Calculate the highest common factor of 12 and 176732.
4
What is the highest common divisor of 3904 and 854488?
488
Calculate the greatest common factor of 35409 and 2552.
319
What is the highest common divisor of 348 and 2760?
12
What is the greatest common factor of 413 and 14101?
59
What is the highest common divisor of 12231 and 513?
27
Calculate the greatest common divisor of 705824 and 822.
274
What is the greatest common factor of 106684 and 45824?
716
Calculate the greatest common divisor of 2652 and 4641.
663
Calculate the greatest common factor of 16 and 5784192.
16
What is the highest common divisor of 1481634 and 1827?
63
Calculate the highest common divisor of 1821 and 1323260.
607
Calculate the greatest common divisor of 25393 and 603.
67
Calculate the greatest common divisor of 26240 and 13520.
80
What is the highest common divisor of 94231 and 2651?
241
What is the greatest common divisor of 7152 and 11664?
48
What is the greatest common factor of 475972 and 140?
28
Calculate the highest common factor of 43520 and 2680.
40
What is the highest common divisor of 608 and 60336?
16
What is the greatest common factor of 554 and 2653106?
554
Calculate the greatest common factor of 361 and 158479.
361
What is the greatest common factor of 2799 and 1125?
9
Calculate the greatest common factor of 1980 and 7648740.
1980
Calculate the highest common factor of 64 and 1836.
4
Calculate the greatest common factor of 6062732 and 124.
124
What is the highest common factor of 7025 and 900?
25
Calculate the greatest common divisor of 216870 and 30.
30
Calculate the highest common factor of 17192 and 686.
14
Calculate the greatest common divisor of 739143 and 765.
153
Calculate the highest common divisor of 10826 and 254.
2
What is the highest common divisor of 23422 and 6?
2
What is the greatest common factor of 1980 and 16966620?
1980
What is the greatest common divisor of 51128 and 12936?
616
What is the highest common divisor of 3664 and 62059?
229
What is the highest common divisor of 3304 and 436954?
826
Calculate the highest common divisor of 89544 and 78.
78
What is the highest common divisor of 100 and 639575?
25
Calculate the greatest common divisor of 171625 and 5725.
25
Calculate the highest common divisor of 7 and 185997.
7
What is the highest common factor of 964059 and 2532?
633
What is the greatest common divisor of 789 and 129133?
263
Calculate the greatest common factor of 2364 and 442462.
394
What is the highest common factor of 239463 and 10143?
441
What is the highest common divisor of 219 and 6075571?
73
Calculate the greatest common factor of 2396 and 112612.
2396
Calculate the greatest common factor of 79620 and 84.
12
Calculate the highest common factor of 4076 and 796.
4
Calculate the greatest common divisor of 1768 and 57664.
136
What is the greatest common factor of 142899 and 1311?
1311
Calculate the highest common divisor of 570 and 5910.
30
What is the greatest common divisor of 285 and 10640?
95
Calculate the greatest common factor of 18695 and 55.
5
Calculate the greatest common factor of 232 and 5075.
29
Calculate the highest common factor of 10220 and 100.
20
Calculate the highest common divisor of 35 and 756623.
7
Calculate the highest common factor of 119794 and 178.
178
What is the greatest common factor of 6148 and 261?
29
Calculate the greatest common divisor of 6615 and 1512.
189
What is the highest common divisor of 7391 and 323?
19
What is the highest common divisor of 169 and 728?
13
What is the greatest common divisor of 114324 and 42?
42
What is the greatest common factor of 231 and 830379?
33
What is the highest common factor of 72694 and 22?
2
Calculate the highest common factor of 217923 and 204.
51
Calculate the highest common factor of 5120 and 1368.
8
Calculate the highest common factor of 994 and 9088.
142
What is the highest common divisor of 802 and 230976?
802
Calculate the greatest common factor of 128 and 30912.
64
What is the greatest common factor of 35650 and 25?
25
Calculate the highest common divisor of 30 and 271370.
10
Calculate the highest common factor of 234 and 156834.
18
Calculate the greatest common factor of 277855 and 305.
305
Calculate the greatest common factor of 784 and 1659504.
112
What is the greatest common divisor of 1075 and 82560?
215
Calculate the highest common divisor of 37 and 2019793.
37
What is the greatest common factor of 484456 and 2110?
422
Calculate the highest common factor of 561312 and 108.
36
What is the highest common divisor of 75 and 68525?
25
Calculate the highest common factor of 123136 and 20202.
962
What is the highest common factor of 20 and 40580?
20
Calculate the highest common divisor of 16287 and 6.
3
What is the greatest common factor of 133274 and 148?
74
Calculate the greatest common divisor of 42 and 783314.
14
Calculate the highest common divisor of 2796 and 298706.
466
What is the highest common divisor of 12630 and 1980?
30
What is the greatest common factor of 125961 and 694?
347
Calculate the highest common divisor of 193980 and 15.
15
What is the highest common divisor of 1740 and 300324?
348
Calculate the greatest common factor of 100 and 7220.
20
What is the greatest common divisor of 2756 and 194987?
689
Calculate the highest common divisor of 205 and 545.
5
Calculate the highest common factor of 187746 and 5655.
1131
What is the highest common divisor of 6744 and 348?
12
What is the highest common factor of 829087 and 581?
581
Calculate the highest common factor of 29351 and 98.
49
Calculate the greatest common factor of 69069 and 462.
231
What is the highest common divisor of 72645 and 6?
3
What is the highest common divisor of 27 and 1629531?
27
What is the greatest common divisor of 282 and 11468?
94
Calculate the greatest common divisor of 139690 and 610.
610
Calculate the highest common factor of 140331 and 87.
87
Calculate the highest common factor of 85110 and 1650.
30
Calculate the greatest common divisor of 112010 and 2922.
974
What is the highest common factor of 2517658 and 286?
286
What is the greatest common divisor of 1031018 and 382?
382
What is the greatest common factor of 7749 and 39123?
189
Calculate the highest common divisor of 12915 and 540995.
1435
Calculate the highest common divisor of 41327 and 5491.
289
What is the greatest common divisor of 35625 and 10425?
75
Calculate the highest common divisor of 518725 and 15.
5
What is the highest common divisor of 3120 and 15990?
390
What is the greatest common factor of 45 and 2799450?
45
Calculate the greatest common divisor of 99532 and 1169.
167
What is the 